{"id":3,"date":"2018-11-12T11:05:44","date_gmt":"2018-11-12T11:05:44","guid":{"rendered":"https:\/\/themes.muffingroup.com\/be\/product2\/?page_id=3"},"modified":"2020-12-23T07:08:08","modified_gmt":"2020-12-23T07:08:08","slug":"gizlilik-politikasi","status":"publish","type":"page","link":"https:\/\/garmastanpomat.com\/index.php\/gizlilik-politikasi\/","title":{"rendered":"Gizlilik Politikas\u0131"},"content":{"rendered":"<h4>G\u0130ZL\u0130L\u0130K POL\u0130T\u0130KASI AYDINLATMA METN\u0130<\/h4>\n<p>Assos \u0130la\u00e7 Kimya G\u0131da \u00dcr\u00fcnleri \u00dcretim ve Tic. A.\u015e. (\u201cAssos \u0130la\u00e7\u201d) taraf\u0131ndan i\u015fletilen www.garmastanpomat.com internet sitesini (bundan b\u00f6yle \u201cWeb Sitesi\u201d olarak an\u0131lacakt\u0131r) ziyaret edenlerin (bundan b\u00f6yle \u201cVeri Sahibi\u201d olarak an\u0131lacakt\u0131r) gizlili\u011fini korumak Assos \u0130la\u00e7\u2019\u0131n \u00f6nde gelen ilkelerindendir. Web Sitesi\u2019nde yer alan Gizlilik Politikas\u0131 (bundan b\u00f6yle \u201cPolitika\u201d olarak an\u0131lacakt\u0131r) ile; 6698 say\u0131l\u0131 Ki\u015fisel Verilerin Korunmas\u0131 Kanunu ve ikincil mevzuat\u0131 (bundan b\u00f6yle \u201cKanun\u201d olarak an\u0131lacakt\u0131r) uyar\u0131nca veri sorumlusu s\u0131fat\u0131 ile taraf\u0131m\u0131zca ve\/veya veri i\u015fleyen vas\u0131tas\u0131yla i\u015flenen ki\u015fisel veriler hakk\u0131nda a\u00e7\u0131klamalar yap\u0131lmaktad\u0131r.<br \/>\nAssos \u0130la\u00e7 ki\u015fisel verilerin Kanun\u2019a uygun i\u015flenmesinde ve korunmas\u0131nda \u00fcst d\u00fczey dikkat ile hareket etmekte olup gizlili\u011finize b\u00fcy\u00fck \u00f6nem atfetmektedir. Bu sebeple Web Sitesi\u2019ni ziyaret etmeniz s\u0131ras\u0131nda bir tak\u0131m ki\u015fisel verileriniz; ki\u015fisel verilerin i\u015fleme ama\u00e7lar\u0131n\u0131n ve vas\u0131talar\u0131n\u0131n belirlenmesinden, veri kay\u0131t sisteminin kurulmas\u0131ndan ve y\u00f6netilmesinden sorumlu olan veri sorumlusu s\u0131fat\u0131 ile Assos \u0130la\u00e7 taraf\u0131ndan Kanun uyar\u0131nca a\u015fa\u011f\u0131da a\u00e7\u0131klanan kapsamda i\u015flenebilece\u011finden s\u00f6z konusu ki\u015fisel veri i\u015fleme faaliyetinin kapsam\u0131 konular\u0131nda taraf\u0131n\u0131z\u0131 ayd\u0131nlatmak isteriz. <\/p>\n<h4>K\u0130\u015e\u0130SEL VER\u0130LER\u0130N\u0130Z\u0130N \u0130\u015eLENME AMACI<\/h4>\n<p>Web Sitesi\u2019ni ziyaret etmeniz dolay\u0131s\u0131yla elde edilen ki\u015fisel verileriniz, a\u015fa\u011f\u0131da s\u0131ralanan ama\u00e7larla Assos \u0130la\u00e7 taraf\u0131ndan Kanunu\u2019nun 5.ve 6. maddelerine uygun olarak i\u015flenebilecektir:<br \/>\nZiyaret\u00e7i kay\u0131tlar\u0131n\u0131n olu\u015fturulmas\u0131 ve takibi <\/p>\n<p>Pazarlama analiz \u00e7al\u0131\u015fmalar\u0131n\u0131n y\u00fcr\u00fct\u00fclmesi<\/p>\n<p>\u00dcr\u00fcn, hizmetlerin, pazarlama s\u00fcre\u00e7lerinin y\u00fcr\u00fct\u00fclmesi <\/p>\n<p>Mal, hizmet sat\u0131\u015f sonras\u0131 destek hizmetlerinin y\u00fcr\u00fct\u00fclmesi <\/p>\n<p>\u0130leti\u015fim faaliyetlerinin y\u00fcr\u00fct\u00fclmesi <\/p>\n<p>M\u00fc\u015fteri memnuniyetine y\u00f6nelik aktivitelerin y\u00fcr\u00fct\u00fclmesi<\/p>\n<p>Bilgi g\u00fcvenli\u011fi s\u00fcre\u00e7lerinin y\u00fcr\u00fct\u00fclmesi<\/p>\n<p>Denetim, etik faaliyetlerinin y\u00fcr\u00fct\u00fclmesi<\/p>\n<p>Yetkili ki\u015fi, kurum ve kurulu\u015flara bilgi verilmesi<br \/>\nAssos \u0130la\u00e7 ayr\u0131ca; ki\u015fisel verilerinizi onay\u0131n\u0131z halinde sizleri kampanyalar\u0131m\u0131zdan haberdar etmek amac\u0131yla da i\u015fleyebilecektir.<\/p>\n<h4>K\u0130\u015e\u0130SEL VER\u0130LER\u0130N\u0130Z\u0130N AKTARILDI\u011eI TARAFLAR VE AKTARIM AMACI<\/h4>\n<p>Web Sitesi\u2019ni ziyaret etmeniz dolay\u0131s\u0131yla elde edilen ki\u015fisel verileriniz, ki\u015fisel verilerinizin i\u015flenme ama\u00e7lar\u0131 do\u011frultusunda, i\u015f ortaklar\u0131m\u0131za, i\u015ftiraklerimize, tedarik\u00e7ilerimize, hizmet ald\u0131\u011f\u0131m\u0131z \u00fc\u00e7\u00fcnc\u00fc taraflara, dan\u0131\u015fmanlar\u0131m\u0131za, kanunen yetkili kamu kurumlar\u0131na ve \u00f6zel ki\u015filere Kanunu\u2019nun 8. ve 9. maddelerinde belirtilen ki\u015fisel veri i\u015fleme \u015fartlar\u0131 ve ama\u00e7lar\u0131 ile i\u015fbu Politika\u2019da ve \u00c7erez Politikas\u0131\u2019nda yer alan ama\u00e7lar dahilinde aktar\u0131labilecektir.<\/p>\n<h4>K\u0130\u015e\u0130SEL VER\u0130LER\u0130N\u0130Z\u0130N TOPLANMA Y\u00d6NTEM\u0130 VE HUKUK\u0130 SEBEB\u0130<\/h4>\n<p>Kimli\u011finizi belirli ya da belirlenebilir k\u0131lan her t\u00fcrl\u00fc bilgi ki\u015fisel veridir. Web Sitesi ziyaretiniz kapsam\u0131nda ki\u015fisel verileriniz taraf\u0131n\u0131z\u0131n a\u00e7\u0131k r\u0131zas\u0131 olmas\u0131 durumunda veya Kanun\u2019un 5. ve 6. maddelerinde belirtilen ki\u015fisel veri i\u015fleme \u015fartlar\u0131na dayal\u0131 olarak toplanmaktad\u0131r. Kanun\u2019da yer alan veri i\u015fleme \u015fartlar\u0131na uygun olarak Web Sitesi\u2019ni ziyaret etmeniz dolay\u0131s\u0131yla ki\u015fisel bilgi i\u00e7ermeyen, teknik ileti\u015fim dosyalar\u0131 olan \u00e7erezler (cookies) vas\u0131tas\u0131yla toplanmaktad\u0131r. \u00c7erezler hakk\u0131nda ayr\u0131nt\u0131l\u0131 bilgiye Web Sitesi\u2019nde yer alan \u00c7erez Politikas\u0131\u2019ndan ula\u015fabilirsiniz.<\/p>\n<h4>VER\u0130 SAH\u0130PLER\u0130N\u0130N HAKLARI<\/h4>\n<p>Kanun\u2019un \u201c\u0130lgili ki\u015finin haklar\u0131n\u0131 d\u00fczenleyen\u201d 11. Maddesi kapsam\u0131ndaki taleplerinizi, Veri Sorumlusuna Ba\u015fvuru Usul ve Esaslar\u0131 Hakk\u0131ndaki tebli\u011fe g\u00f6re a\u015fa\u011f\u0131daki y\u00f6ntemlerden herhangi biri ile iletebilirsiniz;<br \/>\n4.1. Huzur Mahallesi Tosya Caddesi no:5 34773 \u00dcmraniye, \u0130stanbul adresimize Web Sitesi\u2019nde yer alan <a href=\"http:\/\/garmastanpomat.com\/index.php\/basvuru-formu\/\">Ba\u015fvuru Formunu<\/a> \u0131slak imzal\u0131 olarak,<br \/>\n4.2. assos@hs03.kep.tr kay\u0131tl\u0131 elektronik e posta adresimize, konu k\u0131sm\u0131na \u201cKi\u015fisel Verilerin Korunmas\u0131 Kanunu Kapsam\u0131nda Bilgi Talebi\u201d yazarak,<br \/>\n4.3. verikoruma@assospharma.com elektronik e posta adresimize, konu k\u0131sm\u0131na \u201cKi\u015fisel Verilerin Korunmas\u0131 Kanunu Kapsam\u0131nda Bilgi Talebi\u201d yazarak iletebilirsiniz.<br \/>\nTaleplere ili\u015fkin olarak herhangi bir \u00fccret talep edilmemesi esas olmakla birlikte, i\u015flemin Assos \u0130la\u00e7 i\u00e7in ayr\u0131ca bir maliyet gerektirmesi halinde Ki\u015fisel Verileri Koruma Kurulu taraf\u0131ndan belirlenen tarife kapsam\u0131nda \u00fccret talep edilebilir.<br \/>\nYine hat\u0131rlatmak isteriz ki yap\u0131lan ba\u015fvurularda kimlik bilgilerinizin do\u011frulu\u011funun teyidi amac\u0131yla Assos \u0130la\u00e7 taraf\u0131ndan ek do\u011frulamalar istenebilir. Bu kapsamda istenen ki\u015fisel bilgiler yaln\u0131zca kimlik do\u011frulama ve Kanun kapsam\u0131nda yasal y\u00fck\u00fcml\u00fcl\u00fc\u011f\u00fc yerine getirmek amac\u0131yla i\u015flenmekte ve kullan\u0131lmaktad\u0131r.<br \/>\nYaz\u0131l\u0131 ba\u015fvurunuzda, ba\u015fvurunuzun veri sorumlusu olarak taraf\u0131m\u0131za tebli\u011f edildi\u011fi tarih, ba\u015fvuru tarihinizdir; di\u011fer y\u00f6ntemlerle yap\u0131lan ba\u015fvurular\u0131n\u0131zda, ba\u015fvurunuzun veri sorumlusu olarak taraf\u0131m\u0131za ula\u015ft\u0131\u011f\u0131 tarih, ba\u015fvuru tarihiniz olarak kabul edilecektir.<br \/>\nTalebinize ili\u015fkin bilgi ve belgeleriniz varsa bunlar\u0131 ba\u015fvurunuza eklemenizi rica ederiz.<\/p>\n<h4>VER\u0130 SAH\u0130PLER\u0130N\u0130N K\u0130\u015e\u0130SEL VER\u0130LER\u0130N\u0130N G\u00dcVENL\u0130\u011e\u0130N\u0130N SA\u011eLANMASINA Y\u00d6NEL\u0130K ALINAN TEDB\u0130RLER<\/h4>\n<p>\u015eirketimiz ki\u015fisel verilerinin korunmas\u0131na ve veri g\u00fcvenli\u011finin sa\u011flanmas\u0131na verdi\u011fi \u00f6nem do\u011frultusunda, Kanun\u2019un 12. maddesine uygun olarak;<br \/>\nKi\u015fisel verilerin hukuka ayk\u0131r\u0131 olarak i\u015flenmesini \u00f6nlemeye,<\/p>\n<p>Ki\u015fisel verilere hukuka ayk\u0131r\u0131 olarak eri\u015filmesini \u00f6nlemeye,<\/p>\n<p>Ki\u015fisel verilerin muhafazas\u0131n\u0131 sa\u011flamaya ve bu ama\u00e7la uygun g\u00fcvenlik d\u00fczeyini temin etmeye y\u00f6nelik gerekli her t\u00fcrl\u00fc teknik ve idari tedbirleri almaktad\u0131r.<\/p>\n<p>Assos \u0130la\u00e7 i\u015fbu Gizlilik Politikas\u0131\u2019nda her zaman de\u011fi\u015fiklik yapma hakk\u0131na sahiptir. \u0130lgili ki\u015filer Gizlilik Politikas\u0131\u2019n\u0131n g\u00fcncel haline her zaman <a href=\"http:\/\/garmastanpomat.com\">www.garmastanpomat.com<\/a> adresinden ula\u015fabilirler.<\/p>\n<p>Veri Sorumlusuna Ba\u015fvuru Formu i\u00e7in <strong><a href=\"https:\/\/garmastanpomat.com\/wp-content\/uploads\/2020\/12\/Garmastan-Basvuru-Formu-2020-12-11.docx\">t\u0131klay\u0131n\u0131z.<\/a><\/strong><\/p>\n","protected":false},"excerpt":{"rendered":"<p>G\u0130ZL\u0130L\u0130K POL\u0130T\u0130KASI AYDINLATMA METN\u0130 Assos \u0130la\u00e7 Kimya G\u0131da \u00dcr\u00fcnleri \u00dcretim ve Tic. A.\u015e. (\u201cAssos \u0130la\u00e7\u201d) taraf\u0131ndan i\u015fletilen www.garmastanpomat.com internet sitesini (bundan b\u00f6yle \u201cWeb Sitesi\u201d olarak an\u0131lacakt\u0131r)<span class=\"excerpt-hellip\"> [\u2026]<\/span><\/p>\n","protected":false},"author":1,"featured_media":0,"parent":0,"menu_order":0,"comment_status":"closed","ping_status":"open","template":"","meta":{"footnotes":""},"class_list":["post-3","page","type-page","status-publish","hentry"],"yoast_head":"<!-- This site is optimized with the Yoast SEO plugin v25.2 - https:\/\/yoast.com\/wordpress\/plugins\/seo\/ -->\n<title>Gizlilik Politikas\u0131 &#8211; Garmastan\u00ae Pomat<\/title>\n<meta name=\"robots\" content=\"index, follow, max-snippet:-1, max-image-preview:large, max-video-preview:-1\" \/>\n<link rel=\"canonical\" href=\"https:\/\/garmastanpomat.com\/index.php\/gizlilik-politikasi\/\" \/>\n<meta property=\"og:locale\" content=\"tr_TR\" \/>\n<meta property=\"og:type\" content=\"article\" \/>\n<meta property=\"og:title\" content=\"Gizlilik Politikas\u0131 &#8211; Garmastan\u00ae Pomat\" \/>\n<meta property=\"og:description\" content=\"G\u0130ZL\u0130L\u0130K POL\u0130T\u0130KASI AYDINLATMA METN\u0130 Assos \u0130la\u00e7 Kimya G\u0131da \u00dcr\u00fcnleri \u00dcretim ve Tic. A.\u015e. (\u201cAssos \u0130la\u00e7\u201d) taraf\u0131ndan i\u015fletilen www.garmastanpomat.com internet sitesini (bundan b\u00f6yle \u201cWeb Sitesi\u201d olarak an\u0131lacakt\u0131r) [\u2026]\" \/>\n<meta property=\"og:url\" content=\"https:\/\/garmastanpomat.com\/index.php\/gizlilik-politikasi\/\" \/>\n<meta property=\"og:site_name\" content=\"Garmastan\u00ae Pomat\" \/>\n<meta property=\"article:publisher\" content=\"https:\/\/www.facebook.com\/garmastanpomat\/\" \/>\n<meta property=\"article:modified_time\" content=\"2020-12-23T07:08:08+00:00\" \/>\n<meta name=\"twitter:card\" content=\"summary_large_image\" \/>\n<meta name=\"twitter:label1\" content=\"Tahmini okuma s\u00fcresi\" \/>\n\t<meta name=\"twitter:data1\" content=\"5 dakika\" \/>\n<script type=\"application\/ld+json\" class=\"yoast-schema-graph\">{\"@context\":\"https:\/\/schema.org\",\"@graph\":[{\"@type\":\"WebPage\",\"@id\":\"https:\/\/garmastanpomat.com\/index.php\/gizlilik-politikasi\/\",\"url\":\"https:\/\/garmastanpomat.com\/index.php\/gizlilik-politikasi\/\",\"name\":\"Gizlilik Politikas\u0131 &#8211; Garmastan\u00ae Pomat\",\"isPartOf\":{\"@id\":\"https:\/\/garmastanpomat.com\/#website\"},\"datePublished\":\"2018-11-12T11:05:44+00:00\",\"dateModified\":\"2020-12-23T07:08:08+00:00\",\"breadcrumb\":{\"@id\":\"https:\/\/garmastanpomat.com\/index.php\/gizlilik-politikasi\/#breadcrumb\"},\"inLanguage\":\"tr\",\"potentialAction\":[{\"@type\":\"ReadAction\",\"target\":[\"https:\/\/garmastanpomat.com\/index.php\/gizlilik-politikasi\/\"]}]},{\"@type\":\"BreadcrumbList\",\"@id\":\"https:\/\/garmastanpomat.com\/index.php\/gizlilik-politikasi\/#breadcrumb\",\"itemListElement\":[{\"@type\":\"ListItem\",\"position\":1,\"name\":\"Anasayfa\",\"item\":\"https:\/\/garmastanpomat.com\/\"},{\"@type\":\"ListItem\",\"position\":2,\"name\":\"Gizlilik Politikas\u0131\"}]},{\"@type\":\"WebSite\",\"@id\":\"https:\/\/garmastanpomat.com\/#website\",\"url\":\"https:\/\/garmastanpomat.com\/\",\"name\":\"Garmastan\u00ae Pomat\",\"description\":\"Kesintisiz Emzirme \u0130\u00e7in\",\"publisher\":{\"@id\":\"https:\/\/garmastanpomat.com\/#organization\"},\"potentialAction\":[{\"@type\":\"SearchAction\",\"target\":{\"@type\":\"EntryPoint\",\"urlTemplate\":\"https:\/\/garmastanpomat.com\/?s={search_term_string}\"},\"query-input\":{\"@type\":\"PropertyValueSpecification\",\"valueRequired\":true,\"valueName\":\"search_term_string\"}}],\"inLanguage\":\"tr\"},{\"@type\":\"Organization\",\"@id\":\"https:\/\/garmastanpomat.com\/#organization\",\"name\":\"Garmastan Pomat\",\"url\":\"https:\/\/garmastanpomat.com\/\",\"logo\":{\"@type\":\"ImageObject\",\"inLanguage\":\"tr\",\"@id\":\"https:\/\/garmastanpomat.com\/#\/schema\/logo\/image\/\",\"url\":\"https:\/\/garmastanpomat.com\/wp-content\/uploads\/2021\/06\/Garmastan.png\",\"contentUrl\":\"https:\/\/garmastanpomat.com\/wp-content\/uploads\/2021\/06\/Garmastan.png\",\"width\":613,\"height\":163,\"caption\":\"Garmastan Pomat\"},\"image\":{\"@id\":\"https:\/\/garmastanpomat.com\/#\/schema\/logo\/image\/\"},\"sameAs\":[\"https:\/\/www.facebook.com\/garmastanpomat\/\",\"https:\/\/www.instagram.com\/garmastanpomat\/\",\"https:\/\/www.linkedin.com\/company\/15178523\/admin\/\"]}]}<\/script>\n<!-- \/ Yoast SEO plugin. -->","yoast_head_json":{"title":"Gizlilik Politikas\u0131 &#8211; Garmastan\u00ae Pomat","robots":{"index":"index","follow":"follow","max-snippet":"max-snippet:-1","max-image-preview":"max-image-preview:large","max-video-preview":"max-video-preview:-1"},"canonical":"https:\/\/garmastanpomat.com\/index.php\/gizlilik-politikasi\/","og_locale":"tr_TR","og_type":"article","og_title":"Gizlilik Politikas\u0131 &#8211; Garmastan\u00ae Pomat","og_description":"G\u0130ZL\u0130L\u0130K POL\u0130T\u0130KASI AYDINLATMA METN\u0130 Assos \u0130la\u00e7 Kimya G\u0131da \u00dcr\u00fcnleri \u00dcretim ve Tic. A.\u015e. (\u201cAssos \u0130la\u00e7\u201d) taraf\u0131ndan i\u015fletilen www.garmastanpomat.com internet sitesini (bundan b\u00f6yle \u201cWeb Sitesi\u201d olarak an\u0131lacakt\u0131r) [\u2026]","og_url":"https:\/\/garmastanpomat.com\/index.php\/gizlilik-politikasi\/","og_site_name":"Garmastan\u00ae Pomat","article_publisher":"https:\/\/www.facebook.com\/garmastanpomat\/","article_modified_time":"2020-12-23T07:08:08+00:00","twitter_card":"summary_large_image","twitter_misc":{"Tahmini okuma s\u00fcresi":"5 dakika"},"schema":{"@context":"https:\/\/schema.org","@graph":[{"@type":"WebPage","@id":"https:\/\/garmastanpomat.com\/index.php\/gizlilik-politikasi\/","url":"https:\/\/garmastanpomat.com\/index.php\/gizlilik-politikasi\/","name":"Gizlilik Politikas\u0131 &#8211; Garmastan\u00ae Pomat","isPartOf":{"@id":"https:\/\/garmastanpomat.com\/#website"},"datePublished":"2018-11-12T11:05:44+00:00","dateModified":"2020-12-23T07:08:08+00:00","breadcrumb":{"@id":"https:\/\/garmastanpomat.com\/index.php\/gizlilik-politikasi\/#breadcrumb"},"inLanguage":"tr","potentialAction":[{"@type":"ReadAction","target":["https:\/\/garmastanpomat.com\/index.php\/gizlilik-politikasi\/"]}]},{"@type":"BreadcrumbList","@id":"https:\/\/garmastanpomat.com\/index.php\/gizlilik-politikasi\/#breadcrumb","itemListElement":[{"@type":"ListItem","position":1,"name":"Anasayfa","item":"https:\/\/garmastanpomat.com\/"},{"@type":"ListItem","position":2,"name":"Gizlilik Politikas\u0131"}]},{"@type":"WebSite","@id":"https:\/\/garmastanpomat.com\/#website","url":"https:\/\/garmastanpomat.com\/","name":"Garmastan\u00ae Pomat","description":"Kesintisiz Emzirme \u0130\u00e7in","publisher":{"@id":"https:\/\/garmastanpomat.com\/#organization"},"potentialAction":[{"@type":"SearchAction","target":{"@type":"EntryPoint","urlTemplate":"https:\/\/garmastanpomat.com\/?s={search_term_string}"},"query-input":{"@type":"PropertyValueSpecification","valueRequired":true,"valueName":"search_term_string"}}],"inLanguage":"tr"},{"@type":"Organization","@id":"https:\/\/garmastanpomat.com\/#organization","name":"Garmastan Pomat","url":"https:\/\/garmastanpomat.com\/","logo":{"@type":"ImageObject","inLanguage":"tr","@id":"https:\/\/garmastanpomat.com\/#\/schema\/logo\/image\/","url":"https:\/\/garmastanpomat.com\/wp-content\/uploads\/2021\/06\/Garmastan.png","contentUrl":"https:\/\/garmastanpomat.com\/wp-content\/uploads\/2021\/06\/Garmastan.png","width":613,"height":163,"caption":"Garmastan Pomat"},"image":{"@id":"https:\/\/garmastanpomat.com\/#\/schema\/logo\/image\/"},"sameAs":["https:\/\/www.facebook.com\/garmastanpomat\/","https:\/\/www.instagram.com\/garmastanpomat\/","https:\/\/www.linkedin.com\/company\/15178523\/admin\/"]}]}},"_links":{"self":[{"href":"https:\/\/garmastanpomat.com\/index.php\/wp-json\/wp\/v2\/pages\/3","targetHints":{"allow":["GET"]}}],"collection":[{"href":"https:\/\/garmastanpomat.com\/index.php\/wp-json\/wp\/v2\/pages"}],"about":[{"href":"https:\/\/garmastanpomat.com\/index.php\/wp-json\/wp\/v2\/types\/page"}],"author":[{"embeddable":true,"href":"https:\/\/garmastanpomat.com\/index.php\/wp-json\/wp\/v2\/users\/1"}],"replies":[{"embeddable":true,"href":"https:\/\/garmastanpomat.com\/index.php\/wp-json\/wp\/v2\/comments?post=3"}],"version-history":[{"count":5,"href":"https:\/\/garmastanpomat.com\/index.php\/wp-json\/wp\/v2\/pages\/3\/revisions"}],"predecessor-version":[{"id":291,"href":"https:\/\/garmastanpomat.com\/index.php\/wp-json\/wp\/v2\/pages\/3\/revisions\/291"}],"wp:attachment":[{"href":"https:\/\/garmastanpomat.com\/index.php\/wp-json\/wp\/v2\/media?parent=3"}],"curies":[{"name":"wp","href":"https:\/\/api.w.org\/{rel}","templated":true}]}}